 = 5*c - 3*c + 230, -5*t + 5*c + 385 = 0. Let o = t - 45. Is o a composite number?
False
Suppose -7*a + 3*a = -8. Suppose -3*w - 1 + 4 = 0, -3*t + 2*w + 13 = 0. Suppose 3 = a*y - t. Is y a composite number?
True
Suppose -4*u + c + 12 = 0, u = -4*u + 5*c + 30. Let r be (3 + -124)/((-2)/u). Suppose 3*m - 243 = -3*o, -2*o + m + r = -53. Is o prime?
False
Suppose -f + 0*f = 4*v - 15042, 0 = -v + 3*f + 3754. Is v/28 + 6/(-21) a prime number?
False
Let k be (1/1)/((-2)/(-4)). Let w(u) be the second derivative of 19*u**4/6 + u**3/6 + 3*u**2/2 + 369*u. Is w(k) a composite number?
False
Suppose -36 = -u + 2*s - 7*s, u = s + 54. Let a = -199 - -231. Suppose -y + u = -a. Is y a composite number?
False
Suppose -5*f - 2*w + 2386 = 0, -316 = 2*f + w - 1271. Let j = 81 + f. Is j a composite number?
False
Suppose 2*a + 62 = -38. Let w be (-2072)/16 - 28/8. Let t = a - w. Is t a composite number?
False
Is (33441 - (-17 - -8)) + 7 prime?
True
Is -5 + (-52725)/(-35) + (-21)/49 prime?
False
Let b = 6389 + -3868. Is b a composite number?
False
Suppose 5*x = 4*c + 181, 0 = -5*c - 5*x + 37 - 252. Is (c/8)/((-2)/188) prime?
False
Let z = -7419 + 22552. Is z a composite number?
True
Let r be -2 - -2*(7 + -3). Let y(j) = -1. Let f(k) = -51*k + 18. Let p(w) = -f(w) - 15*y(w). Is p(r) a prime number?
False
Suppose -w - 2 = -6. Let b(j) = 4 - w*j + 5*j + 3 - 3 + j**2. Is b(5) a composite number?
True
Let x be (6/4)/(-4 - 575/(-140)). Suppose 4*d = x*d - 7970. Is d a prime number?
True
Let v = 8785 + -638. Is v composite?
False
Let c = -29 - -37. Suppose 60 = -2*r + c*r. Is r a composite number?
True
Suppose -3*y = 25 + 17. Let j = 699 + y. Is j a composite number?
True
Suppose -n = -56 - 2482. Is (1 - 0)*n/18 prime?
False
Let c = 8 + 327. Is c a prime number?
False
Suppose 3*l - 5*m - 152 = 0, 0 = -l + 2*m - 3*m + 64. Let u = l + -49. Is u a composite number?
True
Let p(s) = -s**3 - 3*s**2 + 2. Let o be p(-3). Suppose -l + r - 645 = -2944, o*r = -5*l + 11516. Is l a prime number?
False
Let k be (2/(-1 - -2))/((-66)/17655). Let g = 378 - k. Is g prime?
False
Let b(y) = 10521*y + 12. Is b(1) a composite number?
True
Let j(d) be the third derivative of 0*d - 13/24*d**4 - 1/60*d**5 + 3/2*d**3 + 3*d**2 + 0. Is j(-10) composite?
True
Let m(c) = -c**3 - 9*c**2 - 3*c - 12. Suppose 4*h + 25 = -4*w - h, 44 = -5*w - 2*h. Let o be m(w). Suppose -o = -2*i + i. Is i a composite number?
True
Let r be 1/(-2 + 15/6). Suppose -5*t + 2*x + 1537 = -0*t, -x = r*t - 613. Is t a prime number?
True
Let h = 999 + -212. Suppose -3*j = -2*j - h. Is j prime?
True
Let l(n) = 16*n**3 - 7*n**2 + 5*n - 27. Is l(11) composite?
False
Let c(x) = 39*x - 4. Suppose 0 = 6*z - z - 130. Let g = z - 24. Is c(g) a composite number?
True
Suppose 2*d = 5 + 7. Let c be 4 + -7 + -1508 + -3. Is d/30 + c/(-5) a prime number?
False
Suppose k - 3*j = 2*j - 103, 0 = -5*k + 3*j - 493. Let o = k + 50. Let l = 1 - o. Is l prime?
False
Let q be (3/(-5))/((-5)/25). Suppose 0 = q*u - 4*d + 20, 4*u - 3*d = 2*d - 25. Suppose u = -4*h - 4*a + 1600, 7*a - 12 = 3*a. Is h a prime number?
True
Suppose 0 = -6*c + 4*c + 4. Suppose 0 = -5*z + 10, -5*h + 3*z = -c*h - 3177. Is h a prime number?
True
Suppose 4*c + 14 = 30. Let l(m) be the first derivative of m**4/2 - m**3/3 - 3*m + 1. Is l(c) composite?
False
Is 1637/((-11 + -2)/(-13)) composite?
False
Suppose -5*v = 4*j - 0*v - 6143, j = 2*v + 1552. Suppose -c - j = -g, c = -g - 2*c + 1522. Is g composite?
True
Suppose 12*d = 5*d + 128856. Suppose -4030 - d = -13*g. Is g composite?
True
Let k = 20 + -31. Let i(l) = l - 2. Let a be i(2). Is ((-3)/3 - a)*k a composite number?
False
Suppose 6*s + 5 - 29 = 0. Is 1033/s + (-12)/(-16) a composite number?
True
Let p(n) = -20*n + 3. Let c(w) = -10*w - 65. Let j be c(-6). Is p(j) a composite number?
False
Suppose 2 + 4 = 3*m. Let r = 26 - -948. Suppose 0 = 4*q - m*q - r. Is q a composite number?
False
Suppose 24*k = -39*k + 4332321. Is k a composite number?
False
Suppose 0 = 2*i - 5 - 1. Suppose -i*h = -4*h. Suppose 4*t - 1988 = -h*t. Is t a composite number?
True
Suppose 76*m + 227451 = 97*m. Is m composite?
False
Let m = 5 + 9. Let x be 626/(-6)*(m - 17). Suppose 4*r - c = -0*r + x, -167 = -2*r - 3*c. Is r prime?
True
Let d(u) = -u**2 + u + 1. Let f be d(-1). Is f/(1*4/(-1636)) prime?
True
Suppose 5*m = -2*k + 41482, 3*k - 66733 = -m - 4510. Is k a prime number?
False
Is 30/(-36)*-6 + 1637 prime?
False
Is 10362 + 14 + -6 + -1 composite?
False
Is 245 + ((-29)/(-5) - (-4)/20) a prime number?
True
Let t = -15 - -13. Let m be t - 2/(-4)*8. Is (-2 + 1)*(-66)/m composite?
True
Let a be (-7 - -10) + 0/1. Let i(k) = 88*k - 5. Is i(a) a prime number?
False
Let p(k) = 4*k + 9. Let d be p(-4). Is d/(-7)*(708/2 - -1) composite?
True
Is 44/99*9 - -9583 a composite number?
False
Let q = 4959 + -3224. Is q/15 + 6/(-9) a prime number?
False
Suppose 4*v - 4078 - 10493 = -3*w, 3614 = v - 5*w. Is v a prime number?
False
Suppose -3*u = x - 34796, -2*u + 3*x = x - 23200. Is u prime?
False
Let i(s) be the first derivative of 2*s**3 + 4*s**2 - 3*s + 1. Let q(b) = 3*b - 74. Let r be q(28). Is i(r) a composite number?
False
Is (-3)/18 - (-40675)/6 a composite number?
False
Let q be (2*30/(-2))/((-6)/3). Let i(g) = -g**3 + 17*g**2 - 25*g + 43. Is i(q) prime?
False
Let q(m) be the second derivative of -m**8/3360 - m**6/720 + m**5/30 + 7*m**4/6 + 14*m. Let s(n) be the third derivative of q(n). Is s(-5) a composite number?
True
Suppose -x + 4111 = -6*m + 11*m, -3*m - 16444 = -4*x. Is x prime?
True
Let m(p) = -30*p**2 + 17*p - 14. Let g(s) = -15*s**2 + 8*s - 7. Let u(b) = 5*g(b) - 3*m(b). Is u(10) prime?
False
Let l(w) = w**3 - 13*w**2 - 24*w - 31. Is l(15) a prime number?
True
Let x = 68 + -64. Suppose -2*j - d + 3503 = 0, -2*d = 2 + x. Is j a composite number?
False
Let n be 3/6*(45 - 1). Let j = -10 + n. Is (0 - -3) + j*13 a composite number?
True
Let j = -1953 + 8140. Is j a composite number?
True
Suppose -12*r = -44724 + 11304. Is r a composite number?
True
Suppose 8*a - 4*n - 10906 = 6*a, 4*a - 21832 = 3*n. Is a prime?
False
Let f = 17 + -21. Let p = 115 + f. Is p composite?
True
Let h(r) = -44*r**3 + 2*r**2 - r + 5. Let d(f) = 87*f**3 - 4*f**2 + f - 9. Let k(j) = 3*d(j) + 5*h(j). Is k(3) composite?
True
Let b(l) be the first derivative of 3*l**2/2 + 4. Let f be b(5). Suppose -381 = 12*n - f*n. Is n composite?
False
Suppose -27*u + 22*u = -3*j - 163793, -u + 32773 = 3*j. Is u a composite number?
True
Let n = 1049 - -510. Is n a prime number?
True
Let z = 574 + -212. Let x = z - 247. Is x composite?
True
Let a(c) = c**3 + 35*c**2 + 69*c - 59. Is a(-24) a prime number?
True
Suppose -19105 = 32*z - 37*z. Is z a composite number?
False
Let t(d) = 68*d**2 - 29*d - 6. Is t(-13) prime?
True
Let s = -5072 - -12969. Is s prime?
False
Let u be (-21)/(-63) + 28/6 + -1. Suppose -3*j = -c + 370, -u*c + 3*j = -0*c - 1489. Is c composite?
False
Is (-5042)/3*-3*9/18 composite?
False
Suppose 3*u + 4*x = 1558, -2*x = 4*u - 960 - 1104. Is u a prime number?
False
Let n(h) = h**3 + 9*h**2 + h + 6. Let v(b) = -b**3 - 9*b**2 - 7*b + 1. Let d be v(-8). Is n(d) composite?
False
Is 43060/(-30)*9/(-6) a prime number?
True
Let c(h) = 3 + 31*h**2 - 8*h**2 + 4*h - 2. Let o be c(3). Suppose 72 = -4*t + o. Is t prime?
True
Let v(h) = -19*h + 36. Is v(-5) a prime number?
True
Let r(q) = 3*q**2 + 18*q + 88. Is r(27) a composite number?
True
Let q(p) = 37*p**2 + 3*p - 2. Let c be q(-3). Let o = c - 165. Is o a composite number?
False
Let v be (-4)/6 - (-8270)/3. Suppose 4*o - 224 = v. Is o prime?
False
Suppose -3*r = q - 88507, 118000 = 4*r - 5*q + 4*q. Is r prime?
True
Suppose 3*h - 2*h + j - 3791 = 0, 2*h - 7596 = 5*j. Is h a prime number?
True
Suppose 0 = 16*p - 37*p + 317163. Is p a composite number?
True
Suppose -6*g + 60994 = -176. Is g composite?
True
Let a(g) = -g**3 - 5*g**2 + 2. Let o be a(-5). Suppose 5*r - 3*x - 233 = 0, 0*r = 5*r - o*x - 232. Is r prime?
False
Suppose -1 + 3 = 2*j. Suppose 5 = 3*z - j. Suppose -730 = -z*q + 88. Is q a composite number?
False
Suppose 3*f + 5*w + 5 = 0, 3 = f - 4*w - 1. Suppose f = 5*i - 3*c - 7502, 2*c = 7*c - 5. Is i a prime number?
False
Let k(z) = 2*z**2 - 3*z + 4. Let g be k(0). Suppose -3*f + s = 2*s - 412, 5*s + 581 = g*f. Is f a prime number?
True